{"id":3472,"date":"2025-06-14T21:33:03","date_gmt":"2025-06-14T21:33:03","guid":{"rendered":"https:\/\/vpntelecomunicaciones.com\/vpn\/?page_id=3472"},"modified":"2025-06-14T21:33:05","modified_gmt":"2025-06-14T21:33:05","slug":"politica-de-seguridad-digital","status":"publish","type":"page","link":"https:\/\/vpntelecomunicaciones.com\/vpn\/politica-de-seguridad-digital\/","title":{"rendered":"Pol\u00edtica de Seguridad Digital"},"content":{"rendered":"\n<h4 class=\"wp-block-heading\">\u00bfPara qu\u00e9 realizar un documento CONPES?<\/h4>\n\n\n\n<p>Para que el pais realice una gestion sistem\u00e1tica de riesgos de seguridad digital con el fin de promover un entorno digital confiable y seguro, que maximice los beneficios economicos y sociales de todos los actores publicos y privados, impulsando la competitividad y productividad en todos los sectores de la economia.<\/p>\n\n\n\n<h4 class=\"wp-block-heading\">\u00bfQu\u00e9 es el CONPES, la nueva Politica de Seguridad Digital?<\/h4>\n\n\n\n<p>El CONPES de Seguridad Digital es una herramienta para que todos los colombianos cuenten con un ambiente digital seguro, para ello las entidades del Estado y las empresas privadas deben implementar acciones para que los ciudadanos realicen, sin temor alguno, compras a trav\u00e9s de internet, transacciones en linea, tr\u00e1mites con el Estado y todo tipo de actividades soportadas en medios digitales.<\/p>\n\n\n\n<h4 class=\"wp-block-heading\">\u00bfCu\u00e1l es el objetivode la nueva Politica de Seguridad Digital?<\/h4>\n\n\n\n<p>El objetivo general de esta politica es que los colombianos y las empresas conozcan e identifiquen los riesgos a los que est\u00e1n expuestos en el entorno digital y aprendan como protegerse, prevenir y reaccionar ante los delitos y ataques cibern\u00e9ticos.<\/p>\n\n\n\n<p>La idea es educar y fomentar una cultura en para crear consciencia de que el manejo del riesgo es nuestra responsabilidad. Por ejemplo, desde la perspectiva de los ciudadanos, no d\u00e1ndole sus claves a nadie, utilizando contrase \u00f1as de alta seguridad y cambi\u00e1ndolas periodicamente, no dejando el correo abierto en sitios publicos, tener cuidado con los correos spam, entre otros cuidados.<\/p>\n\n\n\n<h4 class=\"wp-block-heading\">\u00bfEn qu\u00e9 se basa la Politica Nacional de Seguridad Nacional?<\/h4>\n\n\n\n<p>Se basa en unos principios fundamentales, que contemplan:<\/p>\n\n\n\n<ul class=\"wp-block-list\">\n<li>Salvaguardar los derechos humanos y los valores fundamentales de los individuos.<\/li>\n\n\n\n<li>Adoptar un enfoque incluyente y colaborativo que involucre activamente a todos los interesados.<\/li>\n\n\n\n<li>Asegurar una responsabilidad compartida entre todos los actores involucrados.<\/li>\n\n\n\n<li>Adoptar un enfoque basado en riesgos, que permita a los individuos el libre, confiable y seguro desarrollo de sus actividades en el entorno digital.<\/li>\n<\/ul>\n\n\n\n<h4 class=\"wp-block-heading\">\u00bfEsta Politica de Seguridad Digital involucra al ciudadano?<\/h4>\n\n\n\n<p>Esta Politica en Seguridad Digital tiene tambi\u00e9n un fuerte enfoque hacia el ciudadano, ya que el Gobierno busca crear condiciones para que todos gestionemos el riesgo de seguridad digital en nuestras actividades digitales, fomentando la confianza en el entorno digital como medio para alcanzar nuestros objetivos.<\/p>\n\n\n\n<h4 class=\"wp-block-heading\">\u00bfEsta Politica de Seguridad Digital limita la libertad de expresion?<\/h4>\n\n\n\n<p>No, la nueva Politica Publica de Seguridad Digital debe ser implementada y compatible con la libertad de expresion, el libre flujo de la informacion, la confidencialidad de la informacion, la proteccion de la privacidad y los datos personales.<\/p>\n\n\n\n<h4 class=\"wp-block-heading\">\u00bfEsta Politica tiene componentes educativos, de libre acceso, culturales, incluyentes y penales?<\/h4>\n\n\n\n<p>El objetivo general de esta politica es que los colombianos aprendan a identificar, gestionar, tratar y mitigar los riesgos de seguridad digital que puedan presentarse en sus actividades relacionadas con el entorno digital.<\/p>\n\n\n\n<p>El tema de seguridad es responsabilidad de todos los ciudadanos, cada persona debe velar por su seguridad y proteger su informacion en el mundo digital, asi mismo lo deben hacer las empresas y las Entidades del Gobierno, para ello es fundamental realizar campa \u00f1as educativas y de concientizacion para que los colombianos conozcan cu\u00e1les son los riesgos a los que est\u00e1n expuestos con el uso del internet, como cuidarse y prevenir los delitos y ataques cibern\u00e9ticos.<\/p>\n\n\n\n<h4 class=\"wp-block-heading\">\u00bfCu\u00e1l es la responsabilidad social del CONPES?<\/h4>\n\n\n\n<p>Promover un entorno digital seguro para el libre desarrollo de las actividades que todos desarrollamos en \u00e9l.<\/p>\n\n\n\n<h4 class=\"wp-block-heading\">\u00bfComo podemos prevenir un ataque digital?<\/h4>\n\n\n\n<p>Siendo conscientes de los riesgos a los que estamos expuestos en el entorno digital y, en consecuencia, adoptar buenas pr\u00e1cticas de comportamiento en este entorno, tales como las que se se \u00f1alan en los programas de prevencion como es el caso de EnTIC confio.<\/p>\n\n\n\n<h4 class=\"wp-block-heading\">\u00bfPor qu\u00e9 mejoraria la economia del pais la implementacion de este CONPES?<\/h4>\n\n\n\n<p>Con un ambiente digital seguro se podr\u00e1 garantizar la prosperidad economica y social, ya que con ello los ciudadanos perder\u00e1n el temor a realizar compras y tramites en linea, transacciones de gobierno electronico, entre otras actividades que contribuyan al crecimiento economico del pais.<\/p>\n\n\n\n<p>Con la implementacion de la Politica de Seguridad Digital las entidades publicas y privadas deben adoptar estos nuevos modelos, gener\u00e1ndose entre los a \u00f1os 2016 al 2020 cerca de 307.000 empleos de acuerdo a un estudio realizado por la Comision de Regulacion de Comunicaciones (CRC) de Colombia, con apoyo de la Direccion de Estudios Economicos del Departamento Nacional de Planeacion.<\/p>\n\n\n\n<h4 class=\"wp-block-heading\">\u00bfQu\u00e9 acciones se van a realizar para poner en marcha la nueva Politica de Seguridad Digital?<\/h4>\n\n\n\n<p>Para lograrlo, se implementar\u00e1n acciones en torno a cinco ejes de trabajo:<\/p>\n\n\n\n<ul class=\"wp-block-list\">\n<li>Establecer un marco institucional claro en torno a la seguridad digital, basado en la gestion de riesgos.<\/li>\n\n\n\n<li>Crear las condiciones para que las multiples partes interesadas gestionen el riesgo de seguridad digital en sus actividades socioeconomicas y se genere confianza en el uso del entorno digital.<\/li>\n\n\n\n<li>Fortalecer la seguridad de los individuos y del Estado en el entorno digital, a nivel nacional y trasnacional, con un enfoque de gestion de riesgos.<\/li>\n\n\n\n<li>Fortalecer la defensa y soberania nacional en el entorno digital con un enfoque de gestion de riesgos.<\/li>\n\n\n\n<li>Impulsar la cooperacion, colaboracion y asistencia en materia de seguridad digital, a nivel nacional e internacional.<\/li>\n<\/ul>\n\n\n\n<h4 class=\"wp-block-heading\">\u00bfLa Politica de Seguridad Digital da la autoridad al Gobierno para regular las redes sociales?<\/h4>\n\n\n\n<p>No, ninguna. El Gobierno no censura el uso de las redes sociales, por el contrario, promueve el uso seguro y responsable del internet.<\/p>\n\n\n\n<h4 class=\"wp-block-heading\">\u00bfQui\u00e9nes construyeron esta Politica de Seguridad Digital?<\/h4>\n\n\n\n<p>Esta nueva politica es el resultado de un proceso de participacion entre representantes del sector privado, del gobierno, la sociedad civil, la industria TI y la academia, adem\u00e1s de las recomendaciones efectuadas por instancias internacionales como la Organizacion para la Cooperacion y el Desarrollo Economicos &#8211; OCDE y de la Organizacion de Estados Americanos &#8211; OEA, las mesas de trabajo concertadas entre el Departamento Nacional de Planeacion, el Ministerio de Tecnologias de la Informacion y las Comunicaciones, el Ministerio de Defensa Nacional y otras entidades relacionadas con la seguridad digital en Colombia.<\/p>\n\n\n\n<h4 class=\"wp-block-heading\">\u00bfComo se puede proteger un ciudadano en el ciberespacio?<\/h4>\n\n\n\n<p>El tema de seguridad es responsabilidad de todos los ciudadanos. Cada persona, empresa o entidad del Gobierno debe velar por su seguridad y proteger su informacion en el mundo digital. Para ello les brindamos algunas recomendaciones:<\/p>\n\n\n\n<ul class=\"wp-block-list\">\n<li>No descargar archivos sospechosos.<\/li>\n\n\n\n<li>Actualizar el software del sistema periodicamente.<\/li>\n\n\n\n<li>Usar antivirus y aplicaciones anti-malware.<\/li>\n\n\n\n<li>Crear mejores contrase \u00f1as y cambiarlas cada seis meses.<\/li>\n\n\n\n<li>Acostumbrar a cerrar las sesiones al terminar.<\/li>\n\n\n\n<li>Evitar operaciones privadas en redes abiertas y publicas.<\/li>\n\n\n\n<li>Desconectarse de internet cuando no se necesite.<\/li>\n\n\n\n<li>Realizar copias de seguridad.<\/li>\n\n\n\n<li>Navegar por p\u00e1ginas web seguras y de confianza.<\/li>\n\n\n\n<li>Comprobar la seguridad de la red WIFI.<\/li>\n\n\n\n<li>No hacer clic en enlaces raros.<\/li>\n\n\n\n<li>No dar datos personales a desconocidos.<\/li>\n\n\n\n<li>En las empresas se debe hacer una politica de seguridad corporativa.<\/li>\n<\/ul>\n\n\n\n<h4 class=\"wp-block-heading\">\u00bfDonde puedo denunciar los delitos cibern\u00e9ticos?<\/h4>\n\n\n\n<p>Si un ciudadano es victima de delitos electronicos financieros podr\u00e1 denunciar en el CAI Virtual de la Policia Nacional. Con los soportes respectivos, los ciudadanos deben acudir a las entidades financieras, donde deben gestionar la denuncia y si considera que su solicitud no ha sido tramitada adecuadamente podr\u00e1 recurrir a la Superintendencia Financiera de Colombia, donde estudiar\u00e1n el caso y tendr\u00e1 mayor probabilidad de recuperar el dinero hurtado.<\/p>\n\n\n\n<p>Si el ciudadano es victima de otros tipos de delitos inform\u00e1ticos, la autoridad competente en Colombia para conocer de estos casos es el Centro Cibern\u00e9tico Policial -CCP- de la Policia Nacional, encargado de la ciberseguridad, y de ofrecer informacion, apoyo y proteccion ante los delitos cibern\u00e9ticos. Esta autoridad desarrolla labores de prevencion, atencion, investigacion y judicializacion de los delitos inform\u00e1ticos en el pais. Puede hacer la denuncia en el CAI Virtual<\/p>\n","protected":false},"excerpt":{"rendered":"<p>\u00bfPara qu\u00e9 realizar un documento CONPES? Para que el pais realice una gestion sistem\u00e1tica de riesgos de seguridad digital con el fin de promover un entorno digital confiable y seguro, que maximice los beneficios economicos y sociales de todos los actores publicos y privados, impulsando la competitividad y productividad en todos los sectores de la [&hellip;]<\/p>\n","protected":false},"author":1,"featured_media":0,"parent":0,"menu_order":0,"comment_status":"closed","ping_status":"closed","template":"","meta":{"_surecart_dashboard_logo_width":"180px","_surecart_dashboard_show_logo":true,"_surecart_dashboard_navigation_orders":true,"_surecart_dashboard_navigation_invoices":true,"_surecart_dashboard_navigation_subscriptions":true,"_surecart_dashboard_navigation_downloads":true,"_surecart_dashboard_navigation_billing":true,"_surecart_dashboard_navigation_account":true,"_uag_custom_page_level_css":"","site-sidebar-layout":"default","site-content-layout":"","ast-site-content-layout":"default","site-content-style":"default","site-sidebar-style":"default","ast-global-header-display":"","ast-banner-title-visibility":"","ast-main-header-display":"","ast-hfb-above-header-display":"","ast-hfb-below-header-display":"","ast-hfb-mobile-header-display":"","site-post-title":"","ast-breadcrumbs-content":"","ast-featured-img":"","footer-sml-layout":"","theme-transparent-header-meta":"","adv-header-id-meta":"","stick-header-meta":"","header-above-stick-meta":"","header-main-stick-meta":"","header-below-stick-meta":"","astra-migrate-meta-layouts":"set","ast-page-background-enabled":"default","ast-page-background-meta":{"desktop":{"background-color":"","background-image":"","background-repeat":"repeat","background-position":"center center","background-size":"auto","background-attachment":"scroll","background-type":"","background-media":"","overlay-type":"","overlay-color":"","overlay-opacity":"","overlay-gradient":""},"tablet":{"background-color":"","background-image":"","background-repeat":"repeat","background-position":"center center","background-size":"auto","background-attachment":"scroll","background-type":"","background-media":"","overlay-type":"","overlay-color":"","overlay-opacity":"","overlay-gradient":""},"mobile":{"background-color":"","background-image":"","background-repeat":"repeat","background-position":"center center","background-size":"auto","background-attachment":"scroll","background-type":"","background-media":"","overlay-type":"","overlay-color":"","overlay-opacity":"","overlay-gradient":""}},"ast-content-background-meta":{"desktop":{"background-color":"var(--ast-global-color-5)","background-image":"","background-repeat":"repeat","background-position":"center center","background-size":"auto","background-attachment":"scroll","background-type":"","background-media":"","overlay-type":"","overlay-color":"","overlay-opacity":"","overlay-gradient":""},"tablet":{"background-color":"var(--ast-global-color-5)","background-image":"","background-repeat":"repeat","background-position":"center center","background-size":"auto","background-attachment":"scroll","background-type":"","background-media":"","overlay-type":"","overlay-color":"","overlay-opacity":"","overlay-gradient":""},"mobile":{"background-color":"var(--ast-global-color-5)","background-image":"","background-repeat":"repeat","background-position":"center center","background-size":"auto","background-attachment":"scroll","background-type":"","background-media":"","overlay-type":"","overlay-color":"","overlay-opacity":"","overlay-gradient":""}},"footnotes":""},"class_list":["post-3472","page","type-page","status-publish","hentry"],"uagb_featured_image_src":{"full":false,"thumbnail":false,"medium":false,"medium_large":false,"large":false,"1536x1536":false,"2048x2048":false},"uagb_author_info":{"display_name":"jucar70","author_link":"https:\/\/vpntelecomunicaciones.com\/vpn\/author\/jucar70\/"},"uagb_comment_info":0,"uagb_excerpt":"\u00bfPara qu\u00e9 realizar un documento CONPES? Para que el pais realice una gestion sistem\u00e1tica de riesgos de seguridad digital con el fin de promover un entorno digital confiable y seguro, que maximice los beneficios economicos y sociales de todos los actores publicos y privados, impulsando la competitividad y productividad en todos los sectores de la&hellip;","_links":{"self":[{"href":"https:\/\/vpntelecomunicaciones.com\/vpn\/wp-json\/wp\/v2\/pages\/3472","targetHints":{"allow":["GET"]}}],"collection":[{"href":"https:\/\/vpntelecomunicaciones.com\/vpn\/wp-json\/wp\/v2\/pages"}],"about":[{"href":"https:\/\/vpntelecomunicaciones.com\/vpn\/wp-json\/wp\/v2\/types\/page"}],"author":[{"embeddable":true,"href":"https:\/\/vpntelecomunicaciones.com\/vpn\/wp-json\/wp\/v2\/users\/1"}],"replies":[{"embeddable":true,"href":"https:\/\/vpntelecomunicaciones.com\/vpn\/wp-json\/wp\/v2\/comments?post=3472"}],"version-history":[{"count":1,"href":"https:\/\/vpntelecomunicaciones.com\/vpn\/wp-json\/wp\/v2\/pages\/3472\/revisions"}],"predecessor-version":[{"id":3473,"href":"https:\/\/vpntelecomunicaciones.com\/vpn\/wp-json\/wp\/v2\/pages\/3472\/revisions\/3473"}],"wp:attachment":[{"href":"https:\/\/vpntelecomunicaciones.com\/vpn\/wp-json\/wp\/v2\/media?parent=3472"}],"curies":[{"name":"wp","href":"https:\/\/api.w.org\/{rel}","templated":true}]}}