{"id":3461,"date":"2025-06-14T20:57:45","date_gmt":"2025-06-14T20:57:45","guid":{"rendered":"https:\/\/vpntelecomunicaciones.com\/vpn\/?page_id=3461"},"modified":"2025-06-14T20:57:46","modified_gmt":"2025-06-14T20:57:46","slug":"gestion-de-trafico","status":"publish","type":"page","link":"https:\/\/vpntelecomunicaciones.com\/vpn\/gestion-de-trafico\/","title":{"rendered":"Gesti\u00f3n de tr\u00e1fico"},"content":{"rendered":"\n<h3 class=\"wp-block-heading\"><strong>PRACTICAS DE GESTI\u00d3N DE TR\u00c1FICO GENERAL<\/strong><\/h3>\n\n\n\n<ul class=\"wp-block-list\">\n<li>VPN INGENIER\u00cdA EN TELECOMUNICACIONES SAS cuenta con mecanismos de gesti\u00f3n de tr\u00e1fico de seguridad que aplican al tr\u00e1fico en general, con distribuci\u00f3n espec\u00edfico de la red con el fin de evitar ataques inform\u00e1ticos.<\/li>\n\n\n\n<li>Sistemas internos de seguridad, encaminados a evitar el acceso no autorizado por ejemplo el uso de firewall\u2019s instalados en Cluster los cuales protegen la red RMS (Red Multi servicios), estos tienen configuradas pol\u00edticas de inspecci\u00f3n profunda de todos los paquetes de datos que circulan por la red de los servidores, evitando la propagaci\u00f3n de virus y denegando accesos no solicitados.<\/li>\n\n\n\n<li>Esta gesti\u00f3n aplica para clientes internos, clientes externos, servicios propios de infraestructura como DNS usuarios masivo, DHCP usuarios masivo, RADIUS usuarios masivo, Correo usuarios masivo, Hosting usuarios masivo, VPNs, etc. Estos son elementos fundamentales que han permitido tener una red estable.<\/li>\n<\/ul>\n\n\n\n<h3 class=\"wp-block-heading\"><strong>PRACTICAS DE GESTION DE TR\u00c1FICO INDIVIDUAL<\/strong><\/h3>\n\n\n\n<ul class=\"wp-block-list\">\n<li>VPN INGENIER\u00cdA EN TELECOMUNICACIONES SASno aplica restricci\u00f3n en la gesti\u00f3n de tr\u00e1fico que restrinja o limite la navegaci\u00f3n o la cantidad de datos que pueda descargar, salvo la velocidad contratada del servicio, el acceso a p\u00e1ginas o sitios web que por normatividad deben ser bloqueados.<\/li>\n\n\n\n<li>La oferta del servicio de internet fijo es ilimitado por lo tanto posee perfiles de acuerdo a lo contratos por el cliente, estos controlados por el AAA (Authentication, Authorization y Accounting), lo cual permite que un usuario navegue a internet con velocidades de carga y descarga establecidas en los planes comerciales<\/li>\n\n\n\n<li>La velocidad de carga es asime\u00b4trica con factor a 1:2 (downstream 1: upstream 2) sin embargo est\u00e1 sujeto a la disponibilidad tecnol\u00f3gica y medio.<\/li>\n<\/ul>\n","protected":false},"excerpt":{"rendered":"<p>PRACTICAS DE GESTI\u00d3N DE TR\u00c1FICO GENERAL PRACTICAS DE GESTION DE TR\u00c1FICO INDIVIDUAL<\/p>\n","protected":false},"author":1,"featured_media":0,"parent":0,"menu_order":0,"comment_status":"closed","ping_status":"closed","template":"","meta":{"_surecart_dashboard_logo_width":"180px","_surecart_dashboard_show_logo":true,"_surecart_dashboard_navigation_orders":true,"_surecart_dashboard_navigation_invoices":true,"_surecart_dashboard_navigation_subscriptions":true,"_surecart_dashboard_navigation_downloads":true,"_surecart_dashboard_navigation_billing":true,"_surecart_dashboard_navigation_account":true,"_uag_custom_page_level_css":"","site-sidebar-layout":"default","site-content-layout":"","ast-site-content-layout":"default","site-content-style":"default","site-sidebar-style":"default","ast-global-header-display":"","ast-banner-title-visibility":"","ast-main-header-display":"","ast-hfb-above-header-display":"","ast-hfb-below-header-display":"","ast-hfb-mobile-header-display":"","site-post-title":"","ast-breadcrumbs-content":"","ast-featured-img":"","footer-sml-layout":"","theme-transparent-header-meta":"","adv-header-id-meta":"","stick-header-meta":"","header-above-stick-meta":"","header-main-stick-meta":"","header-below-stick-meta":"","astra-migrate-meta-layouts":"set","ast-page-background-enabled":"default","ast-page-background-meta":{"desktop":{"background-color":"","background-image":"","background-repeat":"repeat","background-position":"center center","background-size":"auto","background-attachment":"scroll","background-type":"","background-media":"","overlay-type":"","overlay-color":"","overlay-opacity":"","overlay-gradient":""},"tablet":{"background-color":"","background-image":"","background-repeat":"repeat","background-position":"center center","background-size":"auto","background-attachment":"scroll","background-type":"","background-media":"","overlay-type":"","overlay-color":"","overlay-opacity":"","overlay-gradient":""},"mobile":{"background-color":"","background-image":"","background-repeat":"repeat","background-position":"center center","background-size":"auto","background-attachment":"scroll","background-type":"","background-media":"","overlay-type":"","overlay-color":"","overlay-opacity":"","overlay-gradient":""}},"ast-content-background-meta":{"desktop":{"background-color":"var(--ast-global-color-5)","background-image":"","background-repeat":"repeat","background-position":"center center","background-size":"auto","background-attachment":"scroll","background-type":"","background-media":"","overlay-type":"","overlay-color":"","overlay-opacity":"","overlay-gradient":""},"tablet":{"background-color":"var(--ast-global-color-5)","background-image":"","background-repeat":"repeat","background-position":"center center","background-size":"auto","background-attachment":"scroll","background-type":"","background-media":"","overlay-type":"","overlay-color":"","overlay-opacity":"","overlay-gradient":""},"mobile":{"background-color":"var(--ast-global-color-5)","background-image":"","background-repeat":"repeat","background-position":"center center","background-size":"auto","background-attachment":"scroll","background-type":"","background-media":"","overlay-type":"","overlay-color":"","overlay-opacity":"","overlay-gradient":""}},"footnotes":""},"class_list":["post-3461","page","type-page","status-publish","hentry"],"uagb_featured_image_src":{"full":false,"thumbnail":false,"medium":false,"medium_large":false,"large":false,"1536x1536":false,"2048x2048":false},"uagb_author_info":{"display_name":"jucar70","author_link":"https:\/\/vpntelecomunicaciones.com\/vpn\/author\/jucar70\/"},"uagb_comment_info":0,"uagb_excerpt":"PRACTICAS DE GESTI\u00d3N DE TR\u00c1FICO GENERAL PRACTICAS DE GESTION DE TR\u00c1FICO INDIVIDUAL","_links":{"self":[{"href":"https:\/\/vpntelecomunicaciones.com\/vpn\/wp-json\/wp\/v2\/pages\/3461","targetHints":{"allow":["GET"]}}],"collection":[{"href":"https:\/\/vpntelecomunicaciones.com\/vpn\/wp-json\/wp\/v2\/pages"}],"about":[{"href":"https:\/\/vpntelecomunicaciones.com\/vpn\/wp-json\/wp\/v2\/types\/page"}],"author":[{"embeddable":true,"href":"https:\/\/vpntelecomunicaciones.com\/vpn\/wp-json\/wp\/v2\/users\/1"}],"replies":[{"embeddable":true,"href":"https:\/\/vpntelecomunicaciones.com\/vpn\/wp-json\/wp\/v2\/comments?post=3461"}],"version-history":[{"count":1,"href":"https:\/\/vpntelecomunicaciones.com\/vpn\/wp-json\/wp\/v2\/pages\/3461\/revisions"}],"predecessor-version":[{"id":3462,"href":"https:\/\/vpntelecomunicaciones.com\/vpn\/wp-json\/wp\/v2\/pages\/3461\/revisions\/3462"}],"wp:attachment":[{"href":"https:\/\/vpntelecomunicaciones.com\/vpn\/wp-json\/wp\/v2\/media?parent=3461"}],"curies":[{"name":"wp","href":"https:\/\/api.w.org\/{rel}","templated":true}]}}